t common factor of 498120 and 200.
40
Calculate the highest common divisor of 442 and 6500.
26
Calculate the greatest common divisor of 2016 and 13608.
504
Calculate the greatest common divisor of 40 and 911360.
40
What is the greatest common factor of 6395 and 35?
5
What is the greatest common divisor of 271413 and 6201?
477
Calculate the greatest common divisor of 97680 and 75.
15
Calculate the highest common divisor of 55 and 80465.
55
Calculate the highest common divisor of 2757 and 309.
3
What is the highest common divisor of 46224 and 128?
16
Calculate the highest common factor of 8190 and 5320.
70
Calculate the highest common divisor of 105021 and 238.
7
Calculate the highest common divisor of 87 and 128383.
29
Calculate the greatest common divisor of 5387733 and 78.
39
Calculate the highest common divisor of 109952 and 640.
128
Calculate the highest common divisor of 40414 and 726.
242
Calculate the highest common factor of 54440 and 320.
40
Calculate the highest common factor of 11980 and 250.
10
What is the greatest common divisor of 1984 and 589?
31
Calculate the greatest common factor of 53860 and 4120.
20
What is the highest common factor of 316428 and 168?
84
What is the greatest common divisor of 381 and 2748153?
381
Calculate the greatest common divisor of 73405 and 1060.
265
Calculate the greatest common divisor of 6035 and 340.
85
What is the highest common factor of 1936 and 1224520?
968
What is the greatest common factor of 828 and 672?
12
Calculate the highest common factor of 7840 and 1050.
70
What is the greatest common divisor of 1442 and 63242?
206
What is the greatest common divisor of 1000 and 549250?
250
What is the highest common divisor of 465 and 2323791?
93
What is the greatest common factor of 3451 and 1573163?
493
Calculate the highest common divisor of 2950 and 12154.
118
Calculate the greatest common factor of 44 and 1594934.
22
What is the greatest common factor of 105000 and 5880?
840
What is the highest common divisor of 4496272 and 118?
118
Calculate the highest common divisor of 17640195 and 115.
115
What is the highest common factor of 5231 and 9?
1
What is the greatest common factor of 13 and 7761?
13
Calculate the highest common divisor of 446727 and 387.
129
Calculate the highest common divisor of 1848 and 616044.
132
What is the highest common factor of 5812 and 64?
4
What is the highest common divisor of 288 and 28176?
48
What is the greatest common factor of 1636630 and 122?
122
What is the highest common divisor of 13186 and 32?
2
What is the highest common factor of 15853 and 64367?
191
What is the highest common divisor of 2620 and 15?
5
Calculate the highest common factor of 13 and 710541.
13
What is the greatest common factor of 8 and 260444?
4
Calculate the greatest common factor of 54634 and 174088.
926
What is the highest common factor of 6565 and 130?
65
Calculate the greatest common divisor of 1749 and 11289.
159
Calculate the greatest common factor of 11891 and 187.
11
What is the highest common divisor of 47299 and 474621?
1631
What is the highest common factor of 333 and 93351?
111
What is the greatest common divisor of 309 and 463706?
103
What is the greatest common factor of 4810564 and 11?
11
Calculate the highest common divisor of 305 and 2045.
5
What is the greatest common factor of 160988 and 334?
334
What is the greatest common factor of 88 and 1336?
8
What is the greatest common divisor of 156 and 1074684?
156
Calculate the highest common factor of 888 and 3768.
24
Calculate the highest common factor of 1239 and 38822.
413
What is the highest common divisor of 7105 and 72355?
145
What is the greatest common factor of 2479878 and 18?
18
Calculate the highest common divisor of 11583 and 39468.
429
Calculate the greatest common divisor of 3586209 and 55.
11
Calculate the highest common divisor of 191200 and 9600.
800
Calculate the greatest common factor of 33887 and 42.
7
What is the greatest common divisor of 244 and 180072?
244
What is the greatest common divisor of 1446632 and 88?
88
Calculate the greatest common factor of 19038 and 44589.
501
What is the highest common divisor of 75449 and 11?
11
Calculate the highest common divisor of 16041168 and 416.
208
What is the highest common divisor of 30 and 674490?
30
What is the greatest common factor of 77 and 948090?
11
What is the highest common divisor of 8310 and 2216?
554
What is the highest common factor of 5300 and 460?
20
Calculate the greatest common divisor of 1681 and 1517.
41
What is the highest common divisor of 253150 and 332?
166
What is the greatest common factor of 1260 and 756?
252
Calculate the greatest common divisor of 108122 and 14.
14
Calculate the highest common divisor of 116 and 1088486.
58
What is the highest common factor of 681323 and 67?
67
Calculate the highest common factor of 310 and 161820.
310
Calculate the highest common divisor of 5580441 and 783.
783
What is the highest common factor of 364 and 25914?
14
Calculate the greatest common divisor of 15 and 1329105.
15
Calculate the greatest common divisor of 910 and 2330.
10
Calculate the greatest common factor of 814 and 13970.
22
Calculate the greatest common divisor of 1761205 and 38.
19
What is the highest common divisor of 534786 and 17493?
2499
Calculate the greatest common divisor of 135824 and 52.
52
What is the highest common factor of 1927941 and 843?
843
What is the highest common divisor of 135 and 386145?
45
Calculate the highest common divisor of 7140 and 12180.
420
What is the greatest common factor of 3264057 and 81?
81
What is the highest common divisor of 81453 and 57?
57
What is the greatest common factor of 633 and 844?
211
Calculate the greatest common divisor of 11252 and 203.
29
What is the greatest common divisor of 2 and 118046?
2
What is the greatest common divisor of 13752 and 13608?
72
What is the highest common factor of 133 and 8988?
7
What is the greatest common divisor of 629 and 518?
37
What is the highest common divisor of 723969 and 1028?
257
What is the greatest common factor of 31 and 25017?
31
Calculate the highest common divisor of 48048 and 8424.
312
What is the greatest common factor of 845200 and 8?
8
Calculate the greatest common divisor of 284908 and 52.
52
What is the greatest common factor of 45058 and 130?
26
Calculate the greatest common divisor of 171 and 61569.
9
Calculate the greatest common factor of 146 and 966374.
146
Calculate the greatest common factor of 24288 and 644.
92
What is the highest common factor of 7808 and 366?
122
What is the highest common divisor of 1339 and 1157?
13
Calculate the highest common divisor of 400894 and 1814.
1814
What is the greatest common factor of 250507 and 1191?
397
What is the highest common divisor of 844 and 308?
4
Calculate the greatest common factor of 366376 and 1312.
328
What is the highest common factor of 1605 and 1056625?
535
Calculate the greatest common divisor of 60084 and 324.
36
What is the greatest common divisor of 418548 and 117?
39
Calculate the highest common factor of 11 and 1243209.
11
Calculate the highest common divisor of 84 and 1023246.
42
What is the greatest common factor of 4 and 136880?
4
Calculate the highest common divisor of 30 and 70580.
10
Calculate the highest common factor of 1136 and 97008.
16
What is the highest common divisor of 1127 and 2989?
49
What is the greatest common factor of 1353 and 161130?
123
What is the greatest common factor of 410 and 18778?
82
Calculate the highest common divisor of 121832 and 13192.
776
What is the highest common factor of 201880 and 3136?
392
Calculate the highest common factor of 51016 and 2366.
14
Calculate the highest common factor of 3276455 and 910.
455
What is the greatest common factor of 22 and 749342?
22
Calculate the greatest common divisor of 1060 and 19660.
20
Calculate the highest common divisor of 13728 and 351.
39
Calculate the greatest common factor of 8673 and 2940.
147
What is the highest common factor of 43148 and 1036?
28
Calculate the greatest common divisor of 9126 and 96.
6
Calculate the highest common divisor of 393 and 245625.
393
What is the highest common factor of 412816 and 64?
16
Calculate the greatest common factor of 1170 and 25830.
90
Calculate t